6. Let a(v) = 3*v + 15. Let p(g) = -11*a(g) - 4*z(g). Let j be p(-5). Let n(w) = 3*w + 0*w - 2*w - j. Determine n(6).
2
Let y = 26 - 23. Suppose 4*z = -y*c + 44, -49 = -3*c - 2*z - 3*z. Let f(u) = u**3 - 9*u**2 + 9*u - 3. Calculate f(c).
5
Suppose -3*f - 305 = -5*u, 5*f - 2*u + u = -501. Let q = f + 147. Let d(r) = -4 - q*r + 45*r - 1 - 5. Calculate d(-7).
4
Let u(n) be the third derivative of -1/24*n**4 - 4*n**2 + 0 + 0*n + 1/3*n**3. Suppose 2*c - 8 = -z, 4*c - 34 = 3*z + 2. Calculate u(c).
-4
Let c(b) = -2*b**2 + 22*b + 38. Suppose 0 = 21*i - 102 - 171. Calculate c(i).
-14
Suppose -4*f - 4*f + 112 = 0. Let u(j) = 6*j**3 + 15*j**2 - f*j**2 + 1 + j**3 - 5*j**3 - 2*j. Calculate u(1).
2
Let d(i) = 7*i + 5. Let a = 350 - 347. Let z be a/(-6)*(-132)/(-11). Calculate d(z).
-37
Let r(d) be the third derivative of -d**4/3 - 7*d**3/6 + 160*d**2 + 1. Give r(4).
-39
Let n(s) = -32 - 5*s**2 + 6 - 3 + 3 + 5. Let a(i) = -4*i**2 + 2*i - 17. Let g(h) = -4*a(h) + 3*n(h). Give g(4).
-11
Suppose 4*d - 380 = 4*z, 4*d + 2*z = 5*d - 97. Let s = 98 - d. Suppose -2*l - 2*l + s*i + 2 = 0, 6 = 3*i. Let q(g) = -2*g + 2. Give q(l).
-4
Let q = 10 + 0. Suppose -2*k + q = -0*k. Let f(o) be the second derivative of -o**3/6 + 3*o**2/2 + 487*o + 11. Calculate f(k).
-2
Let y(b) = -13*b**3 - 4*b**2 + b - 9. Let o(a) = 6*a**3 + a. Let m(u) = 2*o(u) + y(u). What is m(-6)?
45
Let g(a) = 3*a. Let h(f) = 24*f**2 + 2*f - 1. Let w be h(-2). Let q = 97 - w. Let x be -2 - (-2)/3*q/4. Give g(x).
-3
Let t(b) = -5*b - 6. Suppose 5*k + 78 = 243. Let d(h) = h + 1. Let y(i) = k*d(i) + 6*t(i). Let j(s) = -s + 1. Let p be j(-1). What is y(p)?
3
Let b = -3158 - -3184. Let s(u) = u**2 - 26*u + 5. Calculate s(b).
5
Let b(y) = -22*y**2 + 0 + 636*y - 642*y + 4 + 23*y**2. Suppose 3*a = 3*t - t - 7, -3*t + 16 = a. Give b(t).
-1
Suppose 5*y = 4*p + 1929, 3*y + 4*p = 2*p + 1153. Let k be (-4305)/y - 2/(-11). Let b(a) = -a + 2. What is b(k)?
13
Let r(p) be the second derivative of 1 + 2/3*p**3 + 17*p + 3/2*p**2. What is r(-2)?
-5
Suppose 2*r = g - 7, -3*g - r - 9 = 2*g. Let l be g + 1/(4 - (-63)/(-15)). Let y(f) = f + 1. What is y(l)?
-5
Let k(r) = r**3 - 8*r**2 + r - 8. Let l be 16/((-55)/(-10) + -5). Let v(z) = -z**2 + 25*z - 13. Let b be v(24). Suppose 0 = 7*w - b*w + l. Calculate k(w).
0
Let w(c) be the second derivative of 11/2*c**2 - 16*c - 1/6*c**3 + 8. Calculate w(7).
4
Let q(a) = -a**3 - 2*a**2 + 4. Let w(j) = -7*j**3 - 24*j**2 - 23*j. Let c(s) = -6*q(s) + w(s). Give c(-10).
6
Let o be (-4)/(0 + -2) - 1. Let n(m) = 8 - 7*m - 3*m**2 + 4*m**2 - o. Let q(u) = u**3 + 5*u**2 - 4*u - 23. Let v be q(-3). Determine n(v).
7
Suppose -y - 109 + 108 = 0. Let t(l) = 14*l - 1. Let a(f) = 3*f. Let d(o) = y*t(o) + 4*a(o). Calculate d(-8).
17
Let u = 72 + -70. Let h(f) be the third derivative of f**6/120 - f**5/30 + f**3/6 + 168*f**2. What is h(u)?
1
Suppose -u + 14 = u. Let v(d) = 32*d**2 + 10*d - 21. Let b(l) = 7*l**2 + 3*l - 5. Let m(p) = -9*b(p) + 2*v(p). Determine m(u).
3
Suppose 5*a + 644 = 7*a. Let b = a - 315. Let z(y) be the second derivative of y**4/12 - 3*y**3/2 - 5*y**2/2 - 2*y. Give z(b).
-19
Let c = 12040 + -12045. Let v(d) = -d**3 - 4*d**2 - 3*d. Calculate v(c).
40
Suppose 0 = -14*b + 82 + 2. Let h(u) = u**2 - 6*u - 2. Let s(c) = c**2 - 5*c - 1. Let m(n) = -3*h(n) + 4*s(n). What is m(b)?
26
Let g(s) be the third derivative of 40*s**2 - 1/24*s**4 + 0 + 0*s - 1/6*s**3. Calculate g(-2).
1
Suppose 4*d + 24 = 2*j, 4*j + 3*d = 13 + 13. Let w(f) = -3*f - 5 + 16 + 4*f - 4 - j. Give w(10).
9
Suppose -13*u + 15 = -11. Let y(h) = -1072*h - 8 + 3*h**u + 1065*h - 2*h**2. Suppose 7*b = 10*b - 18. What is y(b)?
-14
Suppose 0 = -3*r - 5*t + 29, 0 = 10*r - 6*r + t - 16. Let d be r/2*24/(-9). Let l(q) = q**2 + 7*q - 5. Let a(c) = -1. Let f(i) = 4*a(i) - l(i). What is f(d)?
13
Suppose 0 = 2*f - 10 + 6. Let s(w) = -f + 0 - 3 - 2*w**2 + w**3 + 2. Suppose j - 15 = -4*j. Determine s(j).
6
Let q(x) = 23*x + 5. Suppose 32806 = -7*a + 32799. Give q(a).
-18
Let w = -78 - -82. Suppose -5*f + 4 = 9, w*q - 5*f = 9. Let y(z) = 21*z**2 + 4*z - 5. Let d(s) = -s + 1. Let o(b) = -6*d(b) - y(b). What is o(q)?
-20
Suppose 1732*u + 136 = 1664*u. Let c(d) be the third derivative of -1/6*d**3 + 0*d - 2*d**2 + 1/12*d**4 + 0. Give c(u).
-5
Let t(o) = 2*o**2 - 4*o + 4. Suppose 3*w + 8*j - 5*j = 27, -4*j = -20. Let d be (4/(-5) - 12/(-15)) + w. What is t(d)?
20
Let m(b) = b**3 + 18*b**2 + 14*b - 17. Let i(z) = -z**3 - 17*z**2 - 17*z + 17. Let a(c) = 5*i(c) + 6*m(c). Give a(-23).
6
Let v(n) = -n**3 + 19*n**2 + 2*n - 12. Let y be v(19). Let u(w) = -y - 33 + 70 + w. Suppose -4*s + 2*s = -5*c, 3*c + 2*s = 0. What is u(c)?
11
Let o be (2 + 2*-39)/(3/9). Let z = o + 236. Let p(g) = 14*g + 3 - 2 - 13*g. Determine p(z).
9
Let f be 12/(-3) + 8 - (-2 + 3). Let d(v) = 3*v - 2. Let o(j) = -2*j + 4. Let a(h) = f*o(h) + 4*d(h). Calculate a(-3).
-14
Suppose 127 = 2*q - 137. Suppose 44 = 8*v - q. Let j = -17 + v. Let f(a) = -a - 2. Determine f(j).
-7
Let u be 224/(28/7) + 9. Suppose -66*n + u*n = 0. Let h(w) = w**2 - w - 3. Let a(p) = p**2 - p - 4. Let l(y) = 3*a(y) - 4*h(y). Calculate l(n).
0
Let r(h) be the third derivative of 0*h - 1/3*h**3 + 0 - 36*h**2 - 1/6*h**4 + 1/60*h**5. Give r(3).
-5
Let s(q) = -q**2 - 4*q + 13. Let i be s(-7). Let w(y) = y - 4*y + 9*y + 3*y**2 - 2*y**2 - 10. What is w(i)?
6
Let s(y) be the second derivative of -1/3*y**4 + 1/20*y**5 + 16 + 0*y**3 + 2*y + y**2. Let m(g) = -g. Let r be m(-4). What is s(r)?
2
Let f(b) = -b**3 + 4*b**2 + 6*b - 6. Let y be 24 + 7 - (1 + -1 + 1). Suppose c - y = -5*c. Suppose -x = 2*i - 0 - 9, -c*x = 5*i - 20. Calculate f(i).
-1
Let l(x) be the first derivative of 1/2*x**2 + 3/4*x**4 + x - 39 + 0*x**3. Determine l(-1).
-3
Let j(y) = 1062 + y - 1062. Let p(h) = 3*h + 1. Let a(b) = 2*j(b) - p(b). Let q(d) = d**2 + 2*d + 4. Let v be q(-2). What is a(v)?
-5
Let u(s) be the first derivative of -s**3/3 + 2*s**2 - 2*s + 8898. Calculate u(7).
-23
Let q be (4 - 8 - -2)*-4. Let n be 487 - q/(1 - 5). Let f(l) = 1 - 494*l + 0 + n*l. Give f(-1).
6
Let s(t) = 7*t**2 - 1. Let w be s(-1). Let h be 555/(-74)*26/(-5). Let f(o) = 0*o + 23 - 2*o + 20 - h. What is f(w)?
-8
Suppose 0 = 5*p - 4*v - 3, 3*v = -4*p - 0*v + 21. Let r(g) = 14*g**3 - 32*g**3 + p*g - 2 - 4*g**2 - 3 + 19*g**3. Suppose 2 = -j + 6. Give r(j).
7
Let n(i) = -5*i + 37. Let z be n(7). Let a(m) = -30*m**z - 7 - 8 + 29*m**2 + 14*m. Give a(13).
-2
Let i(x) be the second derivative of x**7/1260 + x**6/40 - 11*x**5/60 + 13*x**4/12 + x**2 + x + 15. Let r(n) be the third derivative of i(n). What is r(-10)?
-2
Let u(s) = s**2 - 12*s - 42. Let t be u(15). Let w(k) = k**2 + 0*k**2 - 1 - 3*k**3 + 5*k**t - 13*k**3. Calculate w(-1).
11
Suppose 4 = -3*p + 1. Let l(t) = 20*t + 26*t - 2 + 31*t - 97*t + 21*t. Determine l(p).
-3
Suppose -4*p - 34*p + 190 = 0. Let t(q) = -27*q**3 - 5*q**2 - 4*q - 1. Let b(a) = -23*a**3 - 5*a**2 - 4*a. Let z(j) = 7*b(j) - 6*t(j). Calculate z(p).
-14
Let j be (39/4)/(57/76). Let t(y) = -1 + 18*y - 4*y - j*y - 8*y**2. Calculate t(1).
-8
Suppose r - 5*a + 3*a = 10, 5*a = 3*r - 26. Let i(j) = -5*j**3 - 1 - 5*j**2 + 3*j**2 + j**r + 117*j - 115*j. Calculate i(1).
-5
Let u(m) = 6*m + 26. Suppose -7185*h = -7159*h - 260. What is u(h)?
86
Let n(w) be the third derivative of w**4/24 + 5*w**3/3 + 1546*w**2. Give n(6).
16
Let x(r) = -3*r + 3. Let w(j) = -5*j + 7. Let k(f) = -6*w(f) + 13*x(f). Suppose -74*o = -85*o + 4*g - 34, 5*g = 4*o + 23. What is k(o)?
15
Let u(a) = 18*a - 44. Let f(t) = 10*t - 24. Let j(v) = -5*f(v) + 3*u(v). What is j(-7)?
-40
Let t(w) = 3*w + 26 - 152 + 125. Let k = 7 + -4. Suppose -k*d = d - 4. Determine t(d).
2
Let j be 2168/56 + 4/14. Suppose 20*u - j = 7*u. Let g(c) = 11*c**u - c**2 + 10*c**2 - 8*c**2 - 1. What is g(-1)?
-11
Let r(o) = -o**3 + 6*o**2 + 2*o - 4. Let b(m) = 4*m**2 + 4. Let v be b(0). Suppose -2*x + 40 = 5*p, 2*p - 27 = -v*x + x. Calculate r(p).
8
Let c(o) = 7*o - 19 + 1 - 2*o - 2*o. Let z be c(6). Let f(p) be the third derivative of p**4/24 + 17*p**3/6 + 2*p**2 - 24. Give f(z).
17
Suppose -7*p + 1020 = -3*p + 3*b, 0 = 5*p + 4*b - 1275. Let i = 252 - p. Let k(a) = a**3 + 5*a**2 + 3*a - 3. Determine k(i).
6
Let w(q) = 11*q**2 - 50*q - 13. Let u(a) = 4*a**2 - 14*a - 1. Let m(d) = -3*u(d) + w(d). What is m(-3)